{"id":10032,"date":"2022-02-22T23:03:35","date_gmt":"2022-02-22T22:03:35","guid":{"rendered":"https:\/\/www.vonameland.de\/?page_id=10032"},"modified":"2023-10-13T21:24:40","modified_gmt":"2023-10-13T19:24:40","slug":"die-insel-ameland","status":"publish","type":"page","link":"https:\/\/www.vonameland.de\/index.php\/die-insel-ameland\/","title":{"rendered":"Die Insel Ameland"},"content":{"rendered":"\n<div class=\"wp-block-cover alignfull is-light\"><span aria-hidden=\"true\" class=\"wp-block-cover__background has-background-dim\"><\/span><img loading=\"lazy\" decoding=\"async\" width=\"1048\" height=\"590\" class=\"wp-block-cover__image-background wp-image-9393\" alt=\"\" src=\"https:\/\/www.vonameland.de\/wp-content\/uploads\/2021\/09\/P1120998-1.jpg\" data-object-fit=\"cover\" srcset=\"https:\/\/www.vonameland.de\/wp-content\/uploads\/2021\/09\/P1120998-1.jpg 1048w, https:\/\/www.vonameland.de\/wp-content\/uploads\/2021\/09\/P1120998-1-300x169.jpg 300w, https:\/\/www.vonameland.de\/wp-content\/uploads\/2021\/09\/P1120998-1-1024x576.jpg 1024w, https:\/\/www.vonameland.de\/wp-content\/uploads\/2021\/09\/P1120998-1-768x432.jpg 768w, https:\/\/www.vonameland.de\/wp-content\/uploads\/2021\/09\/P1120998-1-570x321.jpg 570w, https:\/\/www.vonameland.de\/wp-content\/uploads\/2021\/09\/P1120998-1-528x297.jpg 528w\" sizes=\"auto, (max-width: 1048px) 100vw, 1048px\" \/><div class=\"wp-block-cover__inner-container is-layout-flow wp-block-cover-is-layout-flow\">\n<p class=\"has-text-align-center has-large-font-size\"><mark style=\"background-color:rgba(0, 0, 0, 0)\" class=\"has-inline-color has-white-color\"><strong>DIE INSEL AMELAND<\/strong><\/mark><\/p>\n<\/div><\/div>\n\n\n\n<p>Ameland ist eine der westfriesischen Nordseeinseln in den Niederlanden und liegt zwischen Schiemonnikoog und Terschelling. Sie geh\u00f6rt zu der Provinz Friesland und ist mit 14 Einwohnern pro Kilometern recht d\u00fcnn besiedelt. W\u00e4hrend der Sommerferien sieht dies jedoch anders aus, denn dann kommen 20.000 Kinder und Jugendliche und verbringen hier eine erlebnisreiche Zeit. Seit nahezu 100 Jahren sind deutsche Ferienlager auf der Insel zu finden und dementsprechend nicht mehr wegzudenken. Durch das gro\u00dfe Interesse ist Ameland an die Ferienlager angepasst. Im Sommer ist, neben den ans\u00e4ssigen \u00c4rzten, auch der Malteser Hilfsdienst zur Erstversorgung zur Stelle.<\/p>\n\n\n\n<p>Insbesondere das Dorf Buren, in dem auch\u00a0unsere Unterkunft\u00a0liegt, ist bei Ferienfreizeiten sehr beliebt. Er ist von den vier Orten der \u00f6stlichste und besticht durch mehrere Einkaufsm\u00f6glichkeiten, die wenig befahrenen Stra\u00dfen und die kurzen Wege zu Strand und Ortskern. Die Ferienlager sind hier in umgebauten Bauernh\u00f6fen und St\u00e4llen untergebracht, die sehr modern renoviert wurden. Au\u00dferdem ist der Ort Nes mit seiner belebten Fu\u00dfg\u00e4ngerzone z\u00fcgig zu erreichen.\u00a0<\/p>\n\n\n\n<p>Lest mehr zu unserer Unterkunft<a href=\"https:\/\/www.vonameland.de\/index.php\/unsere-unterkunft\/\" data-type=\"link\" data-id=\"https:\/\/www.vonameland.de\/index.php\/unsere-unterkunft\/\"> t&#8217;Arendsnest<\/a>. <\/p>\n\n\n\n<figure class=\"wp-block-gallery has-nested-images columns-default is-cropped wp-block-gallery-1 is-layout-flex wp-block-gallery-is-layout-flex\">\n<figure class=\"wp-block-image size-large\"><img loading=\"lazy\" decoding=\"async\" width=\"1048\" height=\"590\" data-id=\"9393\" src=\"https:\/\/www.vonameland.de\/wp-content\/uploads\/2021\/09\/P1120998-1.jpg\" alt=\"\" class=\"wp-image-9393\" srcset=\"https:\/\/www.vonameland.de\/wp-content\/uploads\/2021\/09\/P1120998-1.jpg 1048w, https:\/\/www.vonameland.de\/wp-content\/uploads\/2021\/09\/P1120998-1-300x169.jpg 300w, https:\/\/www.vonameland.de\/wp-content\/uploads\/2021\/09\/P1120998-1-1024x576.jpg 1024w, https:\/\/www.vonameland.de\/wp-content\/uploads\/2021\/09\/P1120998-1-768x432.jpg 768w, https:\/\/www.vonameland.de\/wp-content\/uploads\/2021\/09\/P1120998-1-570x321.jpg 570w, https:\/\/www.vonameland.de\/wp-content\/uploads\/2021\/09\/P1120998-1-528x297.jpg 528w\" sizes=\"auto, (max-width: 1048px) 100vw, 1048px\" \/><\/figure>\n\n\n\n<figure class=\"wp-block-image size-large\"><img loading=\"lazy\" decoding=\"async\" width=\"1200\" height=\"795\" data-id=\"9700\" src=\"https:\/\/www.vonameland.de\/wp-content\/uploads\/2021\/09\/2-29.jpg\" alt=\"\" class=\"wp-image-9700\" srcset=\"https:\/\/www.vonameland.de\/wp-content\/uploads\/2021\/09\/2-29.jpg 1200w, https:\/\/www.vonameland.de\/wp-content\/uploads\/2021\/09\/2-29-300x199.jpg 300w, https:\/\/www.vonameland.de\/wp-content\/uploads\/2021\/09\/2-29-1024x678.jpg 1024w, https:\/\/www.vonameland.de\/wp-content\/uploads\/2021\/09\/2-29-768x509.jpg 768w, https:\/\/www.vonameland.de\/wp-content\/uploads\/2021\/09\/2-29-570x378.jpg 570w\" sizes=\"auto, (max-width: 1200px) 100vw, 1200px\" \/><\/figure>\n\n\n\n<figure class=\"wp-block-image size-large\"><img loading=\"lazy\" decoding=\"async\" width=\"900\" height=\"1200\" data-id=\"9920\" src=\"https:\/\/www.vonameland.de\/wp-content\/uploads\/2021\/10\/Unterkunft.png\" alt=\"\" class=\"wp-image-9920\" srcset=\"https:\/\/www.vonameland.de\/wp-content\/uploads\/2021\/10\/Unterkunft.png 900w, https:\/\/www.vonameland.de\/wp-content\/uploads\/2021\/10\/Unterkunft-225x300.png 225w, https:\/\/www.vonameland.de\/wp-content\/uploads\/2021\/10\/Unterkunft-768x1024.png 768w, https:\/\/www.vonameland.de\/wp-content\/uploads\/2021\/10\/Unterkunft-570x760.png 570w\" sizes=\"auto, (max-width: 900px) 100vw, 900px\" \/><\/figure>\n\n\n\n<figure class=\"wp-block-image size-large\"><img loading=\"lazy\" decoding=\"async\" width=\"768\" height=\"1024\" data-id=\"11491\" src=\"https:\/\/www.vonameland.de\/wp-content\/uploads\/2023\/10\/IMG_0897-768x1024.jpeg\" alt=\"\" class=\"wp-image-11491\" srcset=\"https:\/\/www.vonameland.de\/wp-content\/uploads\/2023\/10\/IMG_0897-768x1024.jpeg 768w, https:\/\/www.vonameland.de\/wp-content\/uploads\/2023\/10\/IMG_0897-225x300.jpeg 225w, https:\/\/www.vonameland.de\/wp-content\/uploads\/2023\/10\/IMG_0897-570x760.jpeg 570w, https:\/\/www.vonameland.de\/wp-content\/uploads\/2023\/10\/IMG_0897-rotated.jpeg 900w\" sizes=\"auto, (max-width: 768px) 100vw, 768px\" \/><\/figure>\n\n\n\n<figure class=\"wp-block-image size-large is-style-default\"><img loading=\"lazy\" decoding=\"async\" width=\"900\" height=\"1200\" data-id=\"9601\" src=\"https:\/\/www.vonameland.de\/wp-content\/uploads\/2019\/07\/WhatsApp-Image-2019-07-27-at-11.46.17.jpeg\" alt=\"\" class=\"wp-image-9601\" srcset=\"https:\/\/www.vonameland.de\/wp-content\/uploads\/2019\/07\/WhatsApp-Image-2019-07-27-at-11.46.17.jpeg 900w, https:\/\/www.vonameland.de\/wp-content\/uploads\/2019\/07\/WhatsApp-Image-2019-07-27-at-11.46.17-225x300.jpeg 225w, https:\/\/www.vonameland.de\/wp-content\/uploads\/2019\/07\/WhatsApp-Image-2019-07-27-at-11.46.17-768x1024.jpeg 768w, https:\/\/www.vonameland.de\/wp-content\/uploads\/2019\/07\/WhatsApp-Image-2019-07-27-at-11.46.17-570x760.jpeg 570w\" sizes=\"auto, (max-width: 900px) 100vw, 900px\" \/><\/figure>\n<\/figure>\n\n\n\n<div class=\"wp-block-columns is-layout-flex wp-container-core-columns-is-layout-9d6595d7 wp-block-columns-is-layout-flex\">\n<div class=\"wp-block-column is-layout-flow wp-block-column-is-layout-flow\">\n<figure class=\"wp-block-image size-large\"><img loading=\"lazy\" decoding=\"async\" width=\"1024\" height=\"768\" src=\"https:\/\/www.vonameland.de\/wp-content\/uploads\/2023\/10\/IMG_0440-1024x768.jpeg\" alt=\"\" class=\"wp-image-11492\" srcset=\"https:\/\/www.vonameland.de\/wp-content\/uploads\/2023\/10\/IMG_0440-1024x768.jpeg 1024w, https:\/\/www.vonameland.de\/wp-content\/uploads\/2023\/10\/IMG_0440-300x225.jpeg 300w, https:\/\/www.vonameland.de\/wp-content\/uploads\/2023\/10\/IMG_0440-768x576.jpeg 768w, https:\/\/www.vonameland.de\/wp-content\/uploads\/2023\/10\/IMG_0440-570x428.jpeg 570w, https:\/\/www.vonameland.de\/wp-content\/uploads\/2023\/10\/IMG_0440.jpeg 1200w\" sizes=\"auto, (max-width: 1024px) 100vw, 1024px\" \/><\/figure>\n<\/div>\n\n\n\n<div class=\"wp-block-column is-layout-flow wp-block-column-is-layout-flow\">\n<figure class=\"wp-block-image size-large is-resized\"><img loading=\"lazy\" decoding=\"async\" width=\"1024\" height=\"683\" src=\"https:\/\/www.vonameland.de\/wp-content\/uploads\/2023\/10\/DSC05843-1-1024x683.jpg\" alt=\"\" class=\"wp-image-11493\" style=\"aspect-ratio:1.499267935578331;width:217px;height:auto\" srcset=\"https:\/\/www.vonameland.de\/wp-content\/uploads\/2023\/10\/DSC05843-1-1024x683.jpg 1024w, https:\/\/www.vonameland.de\/wp-content\/uploads\/2023\/10\/DSC05843-1-300x200.jpg 300w, https:\/\/www.vonameland.de\/wp-content\/uploads\/2023\/10\/DSC05843-1-768x512.jpg 768w, https:\/\/www.vonameland.de\/wp-content\/uploads\/2023\/10\/DSC05843-1-570x380.jpg 570w, https:\/\/www.vonameland.de\/wp-content\/uploads\/2023\/10\/DSC05843-1.jpg 1200w\" sizes=\"auto, (max-width: 1024px) 100vw, 1024px\" \/><\/figure>\n<\/div>\n\n\n\n<div class=\"wp-block-column is-layout-flow wp-block-column-is-layout-flow\">\n<figure class=\"wp-block-image size-large\"><img loading=\"lazy\" decoding=\"async\" width=\"1024\" height=\"768\" src=\"https:\/\/www.vonameland.de\/wp-content\/uploads\/2023\/10\/IMG_0842-1024x768.jpeg\" alt=\"\" class=\"wp-image-11494\" srcset=\"https:\/\/www.vonameland.de\/wp-content\/uploads\/2023\/10\/IMG_0842-1024x768.jpeg 1024w, https:\/\/www.vonameland.de\/wp-content\/uploads\/2023\/10\/IMG_0842-300x225.jpeg 300w, https:\/\/www.vonameland.de\/wp-content\/uploads\/2023\/10\/IMG_0842-768x576.jpeg 768w, https:\/\/www.vonameland.de\/wp-content\/uploads\/2023\/10\/IMG_0842-570x428.jpeg 570w, https:\/\/www.vonameland.de\/wp-content\/uploads\/2023\/10\/IMG_0842.jpeg 1200w\" sizes=\"auto, (max-width: 1024px) 100vw, 1024px\" \/><\/figure>\n<\/div>\n<\/div>\n","protected":false},"excerpt":{"rendered":"<p>Ameland ist eine der westfriesischen Nordseeinseln in den Niederlanden und liegt zwischen Schiemonnikoog und Terschelling. Sie geh\u00f6rt zu der Provinz Friesland und ist mit 14 Einwohnern pro Kilometern recht d\u00fcnn besiedelt. W\u00e4hrend der Sommerferien sieht dies jedoch anders aus, denn dann kommen 20.000 Kinder und Jugendliche und verbringen hier eine erlebnisreiche Zeit. Seit nahezu 100 [&hellip;]<\/p>\n","protected":false},"author":3,"featured_media":10180,"parent":0,"menu_order":0,"comment_status":"closed","ping_status":"closed","template":"","meta":{"ngg_post_thumbnail":0,"footnotes":""},"class_list":["post-10032","page","type-page","status-publish","has-post-thumbnail","czr-hentry"],"_links":{"self":[{"href":"https:\/\/www.vonameland.de\/index.php\/wp-json\/wp\/v2\/pages\/10032","targetHints":{"allow":["GET"]}}],"collection":[{"href":"https:\/\/www.vonameland.de\/index.php\/wp-json\/wp\/v2\/pages"}],"about":[{"href":"https:\/\/www.vonameland.de\/index.php\/wp-json\/wp\/v2\/types\/page"}],"author":[{"embeddable":true,"href":"https:\/\/www.vonameland.de\/index.php\/wp-json\/wp\/v2\/users\/3"}],"replies":[{"embeddable":true,"href":"https:\/\/www.vonameland.de\/index.php\/wp-json\/wp\/v2\/comments?post=10032"}],"version-history":[{"count":6,"href":"https:\/\/www.vonameland.de\/index.php\/wp-json\/wp\/v2\/pages\/10032\/revisions"}],"predecessor-version":[{"id":11495,"href":"https:\/\/www.vonameland.de\/index.php\/wp-json\/wp\/v2\/pages\/10032\/revisions\/11495"}],"wp:featuredmedia":[{"embeddable":true,"href":"https:\/\/www.vonameland.de\/index.php\/wp-json\/wp\/v2\/media\/10180"}],"wp:attachment":[{"href":"https:\/\/www.vonameland.de\/index.php\/wp-json\/wp\/v2\/media?parent=10032"}],"curies":[{"name":"wp","href":"https:\/\/api.w.org\/{rel}","templated":true}]}}

<div class="wp-block-cover alignfull is-light"><span aria-hidden="true" class="wp-block-cover__background has-background-dim"></span><img loading="lazy" decoding="async" width="1048" height="590" class="wp-block-cover__image-background wp-image-9393" alt="" src="https://www.vonameland.de/wp-content/uploads/2021/09/P1120998-1.jpg" data-object-fit="cover" srcset="https://www.vonameland.de/wp-content/uploads/2021/09/P1120998-1.jpg 1048w, https://www.vonameland.de/wp-content/uploads/2021/09/P1120998-1-300x169.jpg 300w, https://www.vonameland.de/wp-content/uploads/2021/09/P1120998-1-1024x576.jpg 1024w, https://www.vonameland.de/wp-content/uploads/2021/09/P1120998-1-768x432.jpg 768w, https://www.vonameland.de/wp-content/uploads/2021/09/P1120998-1-570x321.jpg 570w, https://www.vonameland.de/wp-content/uploads/2021/09/P1120998-1-528x297.jpg 528w" sizes="auto, (max-width: 1048px) 100vw, 1048px" /><div class="wp-block-cover__inner-container is-layout-flow wp-block-cover-is-layout-flow">
<p class="has-text-align-center has-large-font-size"><mark style="background-color:rgba(0, 0, 0, 0)" class="has-inline-color has-white-color"><strong>DIE INSEL AMELAND</strong></mark></p>
</div></div>



<p>Ameland ist eine der westfriesischen Nordseeinseln in den Niederlanden und liegt zwischen Schiemonnikoog und Terschelling. Sie gehört zu der Provinz Friesland und ist mit 14 Einwohnern pro Kilometern recht dünn besiedelt. Während der Sommerferien sieht dies jedoch anders aus, denn dann kommen 20.000 Kinder und Jugendliche und verbringen hier eine erlebnisreiche Zeit. Seit nahezu 100 Jahren sind deutsche Ferienlager auf der Insel zu finden und dementsprechend nicht mehr wegzudenken. Durch das große Interesse ist Ameland an die Ferienlager angepasst. Im Sommer ist, neben den ansässigen Ärzten, auch der Malteser Hilfsdienst zur Erstversorgung zur Stelle.</p>



<p>Insbesondere das Dorf Buren, in dem auch unsere Unterkunft liegt, ist bei Ferienfreizeiten sehr beliebt. Er ist von den vier Orten der östlichste und besticht durch mehrere Einkaufsmöglichkeiten, die wenig befahrenen Straßen und die kurzen Wege zu Strand und Ortskern. Die Ferienlager sind hier in umgebauten Bauernhöfen und Ställen untergebracht, die sehr modern renoviert wurden. Außerdem ist der Ort Nes mit seiner belebten Fußgängerzone zügig zu erreichen. </p>



<p>Lest mehr zu unserer Unterkunft<a href="https://www.vonameland.de/index.php/unsere-unterkunft/" data-type="link" data-id="https://www.vonameland.de/index.php/unsere-unterkunft/"> t&#8217;Arendsnest</a>. </p>



<figure class="wp-block-gallery has-nested-images columns-default is-cropped wp-block-gallery-1 is-layout-flex wp-block-gallery-is-layout-flex">
<figure class="wp-block-image size-large"><img loading="lazy" decoding="async" width="1048" height="590" data-id="9393" src="https://www.vonameland.de/wp-content/uploads/2021/09/P1120998-1.jpg" alt="" class="wp-image-9393" srcset="https://www.vonameland.de/wp-content/uploads/2021/09/P1120998-1.jpg 1048w, https://www.vonameland.de/wp-content/uploads/2021/09/P1120998-1-300x169.jpg 300w, https://www.vonameland.de/wp-content/uploads/2021/09/P1120998-1-1024x576.jpg 1024w, https://www.vonameland.de/wp-content/uploads/2021/09/P1120998-1-768x432.jpg 768w, https://www.vonameland.de/wp-content/uploads/2021/09/P1120998-1-570x321.jpg 570w, https://www.vonameland.de/wp-content/uploads/2021/09/P1120998-1-528x297.jpg 528w" sizes="auto, (max-width: 1048px) 100vw, 1048px" /></figure>



<figure class="wp-block-image size-large"><img loading="lazy" decoding="async" width="1200" height="795" data-id="9700" src="https://www.vonameland.de/wp-content/uploads/2021/09/2-29.jpg" alt="" class="wp-image-9700" srcset="https://www.vonameland.de/wp-content/uploads/2021/09/2-29.jpg 1200w, https://www.vonameland.de/wp-content/uploads/2021/09/2-29-300x199.jpg 300w, https://www.vonameland.de/wp-content/uploads/2021/09/2-29-1024x678.jpg 1024w, https://www.vonameland.de/wp-content/uploads/2021/09/2-29-768x509.jpg 768w, https://www.vonameland.de/wp-content/uploads/2021/09/2-29-570x378.jpg 570w" sizes="auto, (max-width: 1200px) 100vw, 1200px" /></figure>



<figure class="wp-block-image size-large"><img loading="lazy" decoding="async" width="900" height="1200" data-id="9920" src="https://www.vonameland.de/wp-content/uploads/2021/10/Unterkunft.png" alt="" class="wp-image-9920" srcset="https://www.vonameland.de/wp-content/uploads/2021/10/Unterkunft.png 900w, https://www.vonameland.de/wp-content/uploads/2021/10/Unterkunft-225x300.png 225w, https://www.vonameland.de/wp-content/uploads/2021/10/Unterkunft-768x1024.png 768w, https://www.vonameland.de/wp-content/uploads/2021/10/Unterkunft-570x760.png 570w" sizes="auto, (max-width: 900px) 100vw, 900px" /></figure>



<figure class="wp-block-image size-large"><img loading="lazy" decoding="async" width="768" height="1024" data-id="11491" src="https://www.vonameland.de/wp-content/uploads/2023/10/IMG_0897-768x1024.jpeg" alt="" class="wp-image-11491" srcset="https://www.vonameland.de/wp-content/uploads/2023/10/IMG_0897-768x1024.jpeg 768w, https://www.vonameland.de/wp-content/uploads/2023/10/IMG_0897-225x300.jpeg 225w, https://www.vonameland.de/wp-content/uploads/2023/10/IMG_0897-570x760.jpeg 570w, https://www.vonameland.de/wp-content/uploads/2023/10/IMG_0897-rotated.jpeg 900w" sizes="auto, (max-width: 768px) 100vw, 768px" /></figure>



<figure class="wp-block-image size-large is-style-default"><img loading="lazy" decoding="async" width="900" height="1200" data-id="9601" src="https://www.vonameland.de/wp-content/uploads/2019/07/WhatsApp-Image-2019-07-27-at-11.46.17.jpeg" alt="" class="wp-image-9601" srcset="https://www.vonameland.de/wp-content/uploads/2019/07/WhatsApp-Image-2019-07-27-at-11.46.17.jpeg 900w, https://www.vonameland.de/wp-content/uploads/2019/07/WhatsApp-Image-2019-07-27-at-11.46.17-225x300.jpeg 225w, https://www.vonameland.de/wp-content/uploads/2019/07/WhatsApp-Image-2019-07-27-at-11.46.17-768x1024.jpeg 768w, https://www.vonameland.de/wp-content/uploads/2019/07/WhatsApp-Image-2019-07-27-at-11.46.17-570x760.jpeg 570w" sizes="auto, (max-width: 900px) 100vw, 900px" /></figure>
</figure>



<div class="wp-block-columns is-layout-flex wp-container-core-columns-is-layout-9d6595d7 wp-block-columns-is-layout-flex">
<div class="wp-block-column is-layout-flow wp-block-column-is-layout-flow">
<figure class="wp-block-image size-large"><img loading="lazy" decoding="async" width="1024" height="768" src="https://www.vonameland.de/wp-content/uploads/2023/10/IMG_0440-1024x768.jpeg" alt="" class="wp-image-11492" srcset="https://www.vonameland.de/wp-content/uploads/2023/10/IMG_0440-1024x768.jpeg 1024w, https://www.vonameland.de/wp-content/uploads/2023/10/IMG_0440-300x225.jpeg 300w, https://www.vonameland.de/wp-content/uploads/2023/10/IMG_0440-768x576.jpeg 768w, https://www.vonameland.de/wp-content/uploads/2023/10/IMG_0440-570x428.jpeg 570w, https://www.vonameland.de/wp-content/uploads/2023/10/IMG_0440.jpeg 1200w" sizes="auto, (max-width: 1024px) 100vw, 1024px" /></figure>
</div>



<div class="wp-block-column is-layout-flow wp-block-column-is-layout-flow">
<figure class="wp-block-image size-large is-resized"><img loading="lazy" decoding="async" width="1024" height="683" src="https://www.vonameland.de/wp-content/uploads/2023/10/DSC05843-1-1024x683.jpg" alt="" class="wp-image-11493" style="aspect-ratio:1.499267935578331;width:217px;height:auto" srcset="https://www.vonameland.de/wp-content/uploads/2023/10/DSC05843-1-1024x683.jpg 1024w, https://www.vonameland.de/wp-content/uploads/2023/10/DSC05843-1-300x200.jpg 300w, https://www.vonameland.de/wp-content/uploads/2023/10/DSC05843-1-768x512.jpg 768w, https://www.vonameland.de/wp-content/uploads/2023/10/DSC05843-1-570x380.jpg 570w, https://www.vonameland.de/wp-content/uploads/2023/10/DSC05843-1.jpg 1200w" sizes="auto, (max-width: 1024px) 100vw, 1024px" /></figure>
</div>



<div class="wp-block-column is-layout-flow wp-block-column-is-layout-flow">
<figure class="wp-block-image size-large"><img loading="lazy" decoding="async" width="1024" height="768" src="https://www.vonameland.de/wp-content/uploads/2023/10/IMG_0842-1024x768.jpeg" alt="" class="wp-image-11494" srcset="https://www.vonameland.de/wp-content/uploads/2023/10/IMG_0842-1024x768.jpeg 1024w, https://www.vonameland.de/wp-content/uploads/2023/10/IMG_0842-300x225.jpeg 300w, https://www.vonameland.de/wp-content/uploads/2023/10/IMG_0842-768x576.jpeg 768w, https://www.vonameland.de/wp-content/uploads/2023/10/IMG_0842-570x428.jpeg 570w, https://www.vonameland.de/wp-content/uploads/2023/10/IMG_0842.jpeg 1200w" sizes="auto, (max-width: 1024px) 100vw, 1024px" /></figure>
</div>
</div>

<p>Ameland ist eine der westfriesischen Nordseeinseln in den Niederlanden und liegt zwischen Schiemonnikoog und Terschelling. Sie gehört zu der Provinz Friesland und ist mit 14 Einwohnern pro Kilometern recht dünn besiedelt. Während der Sommerferien sieht dies jedoch anders aus, denn dann kommen 20.000 Kinder und Jugendliche und verbringen hier eine erlebnisreiche Zeit. Seit nahezu 100 [&hellip;]</p>
