{"id":31,"date":"2021-08-23T13:30:14","date_gmt":"2021-08-23T11:30:14","guid":{"rendered":"https:\/\/neu2.vonameland.de\/?page_id=31"},"modified":"2025-10-24T09:51:22","modified_gmt":"2025-10-24T07:51:22","slug":"das-erwatet-euch","status":"publish","type":"page","link":"https:\/\/www.vonameland.de\/index.php\/das-erwatet-euch\/","title":{"rendered":"Die Ferienfreizeit &#8211; Leistungsumfang"},"content":{"rendered":"\n<p>Es erwarten euch 15 aufregende und ereignisreiche Tage auf der niederl\u00e4ndischen Insel Ameland mit Spiel, Spa\u00df und einer Menge toller Erinnerungen!<\/p>\n\n\n\n<p>In einer gro\u00dfen Lagergemeinschaft k\u00f6nnt ihr viele neue Freunde finden und eine Menge erleben.<br>Jeder Tag ist anders und manchmal auch verkehrtherum. Wenn du bei uns mitfahren m\u00f6chtest und dich f\u00fcr das kommende Jahr anmeldest, sind folgende Leistungen enthalten, sodass du lediglich ein kleines Taschengeld ben\u00f6tigst:&nbsp;<\/p>\n\n\n\n<ul class=\"wp-block-list\">\n<li>Hin- und R\u00fcckreise mit einem Doppeldecker Reisebus<\/li>\n\n\n\n<li>F\u00e4hrtransfer Hin- und R\u00fcckweg Holwerd-Ameland mit&nbsp;<a rel=\"noreferrer noopener\" href=\"https:\/\/www.wpd.nl\/de\" target=\"_blank\">Wagenborg Passagiersdiensten<\/a><\/li>\n\n\n\n<li>14 Tage all inclusive Urlaub im&nbsp;<a href=\"https:\/\/www.vonameland.de\/index.php\/unsere-unterkunft\/\">Vakantiehuis \u201at Arendsnest<\/a>&nbsp;in Buren auf der Nordseeinsel Ameland<\/li>\n\n\n\n<li>Vollverpflegung: T\u00e4glich frisch zubereitete Mahlzeiten unserer&nbsp;K\u00fcchenfeen und Cookiemonster&nbsp;&nbsp;(Fr\u00fchst\u00fcck, Mittagessen, Abendessen sowie diverse Snacks zwischendurch)<\/li>\n\n\n\n<li>Abwechslungsreiches Unterhaltungsprogramm&nbsp;durch ein geschultes&nbsp;Betreuerteam\n<ul class=\"wp-block-list\">\n<li>Strandridden, Schwimmbad-Disco, Galadinner, Gro\u00dfgruppenspiele und vieles mehr! Mehr zum Programm findet ihr <a href=\"https:\/\/www.vonameland.de\/index.php\/die-ferienfreizeit-unser-sommertraum-2\/\">hier<\/a>.<\/li>\n<\/ul>\n<\/li>\n\n\n\n<li>T-Shirt und Armband mit dem Motto der Fahrt f\u00fcr jeden Teilnehmenden<\/li>\n\n\n\n<li>Regelm\u00e4\u00dfige&nbsp;Blogbeitr\u00e4ge \u00fcber die Erlebnisse der Teilnehmenden<\/li>\n\n\n\n<li>Behind-the-scenes des Team Orange auf unserem Instagram Kanal + Stories &amp; Beitr\u00e4ge w\u00e4hrend der Ferienfreizeit zum Nachverfolgen<\/li>\n\n\n\n<li><a href=\"https:\/\/www.vonameland.de\/index.php\/radio-ameland-radiogruesse\/\">Radio Ameland<\/a>: Hier h\u00f6ren die Kinder Gr\u00fc\u00dfe aus der Heimat<\/li>\n\n\n\n<li>Fotosammlung im Anschluss der Ferienfreizeit<\/li>\n<\/ul>\n\n\n\n<p><strong>Preis<\/strong>: 480 \u20ac (plus 30 \u20ac Taschengeld)<\/p>\n\n\n\n<p><strong>Zur Anmeldung:<\/strong> <a href=\"https:\/\/www.vonameland.de\/index.php\/anmeldung-ameland\/\">Hier<\/a><\/p>\n\n\n\n<p>Habt ihr noch Fragen? Dann wendet euch gerne \u00fcber das&nbsp;<a href=\"https:\/\/www.vonameland.de\/index.php\/kontakt-zur-lagerleitung\/\" data-type=\"URL\" data-id=\"https:\/\/www.vonameland.de\/index.php\/kontakt-zur-lagerleitung\/\" target=\"_blank\" rel=\"noreferrer noopener\">Kontaktformular<\/a>&nbsp;an uns oder \u00fcber die angegebenen Kontaktdaten direkt per Telefon bei Jan Schneider.<\/p>\n\n\n\n<p><\/p>\n","protected":false},"excerpt":{"rendered":"<p>Es erwarten euch 15 aufregende und ereignisreiche Tage auf der niederl\u00e4ndischen Insel Ameland mit Spiel, Spa\u00df und einer Menge toller Erinnerungen! In einer gro\u00dfen Lagergemeinschaft k\u00f6nnt ihr viele neue Freunde finden und eine Menge erleben.Jeder Tag ist anders und manchmal auch verkehrtherum. Wenn du bei uns mitfahren m\u00f6chtest und dich f\u00fcr das kommende Jahr anmeldest, [&hellip;]<\/p>\n","protected":false},"author":1,"featured_media":11219,"parent":0,"menu_order":0,"comment_status":"closed","ping_status":"closed","template":"","meta":{"ngg_post_thumbnail":0,"footnotes":""},"class_list":["post-31","page","type-page","status-publish","has-post-thumbnail","czr-hentry"],"_links":{"self":[{"href":"https:\/\/www.vonameland.de\/index.php\/wp-json\/wp\/v2\/pages\/31","targetHints":{"allow":["GET"]}}],"collection":[{"href":"https:\/\/www.vonameland.de\/index.php\/wp-json\/wp\/v2\/pages"}],"about":[{"href":"https:\/\/www.vonameland.de\/index.php\/wp-json\/wp\/v2\/types\/page"}],"author":[{"embeddable":true,"href":"https:\/\/www.vonameland.de\/index.php\/wp-json\/wp\/v2\/users\/1"}],"replies":[{"embeddable":true,"href":"https:\/\/www.vonameland.de\/index.php\/wp-json\/wp\/v2\/comments?post=31"}],"version-history":[{"count":20,"href":"https:\/\/www.vonameland.de\/index.php\/wp-json\/wp\/v2\/pages\/31\/revisions"}],"predecessor-version":[{"id":12752,"href":"https:\/\/www.vonameland.de\/index.php\/wp-json\/wp\/v2\/pages\/31\/revisions\/12752"}],"wp:featuredmedia":[{"embeddable":true,"href":"https:\/\/www.vonameland.de\/index.php\/wp-json\/wp\/v2\/media\/11219"}],"wp:attachment":[{"href":"https:\/\/www.vonameland.de\/index.php\/wp-json\/wp\/v2\/media?parent=31"}],"curies":[{"name":"wp","href":"https:\/\/api.w.org\/{rel}","templated":true}]}}

<p>Es erwarten euch 15 aufregende und ereignisreiche Tage auf der niederländischen Insel Ameland mit Spiel, Spaß und einer Menge toller Erinnerungen!</p>



<p>In einer großen Lagergemeinschaft könnt ihr viele neue Freunde finden und eine Menge erleben.<br>Jeder Tag ist anders und manchmal auch verkehrtherum. Wenn du bei uns mitfahren möchtest und dich für das kommende Jahr anmeldest, sind folgende Leistungen enthalten, sodass du lediglich ein kleines Taschengeld benötigst:&nbsp;</p>



<ul class="wp-block-list">
<li>Hin- und Rückreise mit einem Doppeldecker Reisebus</li>



<li>Fährtransfer Hin- und Rückweg Holwerd-Ameland mit&nbsp;<a rel="noreferrer noopener" href="https://www.wpd.nl/de" target="_blank">Wagenborg Passagiersdiensten</a></li>



<li>14 Tage all inclusive Urlaub im&nbsp;<a href="https://www.vonameland.de/index.php/unsere-unterkunft/">Vakantiehuis ‚t Arendsnest</a>&nbsp;in Buren auf der Nordseeinsel Ameland</li>



<li>Vollverpflegung: Täglich frisch zubereitete Mahlzeiten unserer&nbsp;Küchenfeen und Cookiemonster&nbsp;&nbsp;(Frühstück, Mittagessen, Abendessen sowie diverse Snacks zwischendurch)</li>



<li>Abwechslungsreiches Unterhaltungsprogramm&nbsp;durch ein geschultes&nbsp;Betreuerteam
<ul class="wp-block-list">
<li>Strandridden, Schwimmbad-Disco, Galadinner, Großgruppenspiele und vieles mehr! Mehr zum Programm findet ihr <a href="https://www.vonameland.de/index.php/die-ferienfreizeit-unser-sommertraum-2/">hier</a>.</li>
</ul>
</li>



<li>T-Shirt und Armband mit dem Motto der Fahrt für jeden Teilnehmenden</li>



<li>Regelmäßige&nbsp;Blogbeiträge über die Erlebnisse der Teilnehmenden</li>



<li>Behind-the-scenes des Team Orange auf unserem Instagram Kanal + Stories &amp; Beiträge während der Ferienfreizeit zum Nachverfolgen</li>



<li><a href="https://www.vonameland.de/index.php/radio-ameland-radiogruesse/">Radio Ameland</a>: Hier hören die Kinder Grüße aus der Heimat</li>



<li>Fotosammlung im Anschluss der Ferienfreizeit</li>
</ul>



<p><strong>Preis</strong>: 480 € (plus 30 € Taschengeld)</p>



<p><strong>Zur Anmeldung:</strong> <a href="https://www.vonameland.de/index.php/anmeldung-ameland/">Hier</a></p>



<p>Habt ihr noch Fragen? Dann wendet euch gerne über das&nbsp;<a href="https://www.vonameland.de/index.php/kontakt-zur-lagerleitung/" data-type="URL" data-id="https://www.vonameland.de/index.php/kontakt-zur-lagerleitung/" target="_blank" rel="noreferrer noopener">Kontaktformular</a>&nbsp;an uns oder über die angegebenen Kontaktdaten direkt per Telefon bei Jan Schneider.</p>



<p></p>

<p>Es erwarten euch 15 aufregende und ereignisreiche Tage auf der niederländischen Insel Ameland mit Spiel, Spaß und einer Menge toller Erinnerungen! In einer großen Lagergemeinschaft könnt ihr viele neue Freunde finden und eine Menge erleben.Jeder Tag ist anders und manchmal auch verkehrtherum. Wenn du bei uns mitfahren möchtest und dich für das kommende Jahr anmeldest, [&hellip;]</p>
