{"id":9642,"date":"2021-09-21T14:02:33","date_gmt":"2021-09-21T12:02:33","guid":{"rendered":"https:\/\/neu2.vonameland.de\/?page_id=9642"},"modified":"2022-10-13T20:19:35","modified_gmt":"2022-10-13T18:19:35","slug":"radio-ameland-radiogruesse","status":"publish","type":"page","link":"https:\/\/www.vonameland.de\/index.php\/radio-ameland-radiogruesse\/","title":{"rendered":"Radio Ameland &#8211; Radiogr\u00fc\u00dfe"},"content":{"rendered":"<div class=\"wp-block-image\">\n<figure class=\"alignleft size-large is-resized\"><img loading=\"lazy\" decoding=\"async\" src=\"https:\/\/www.vonameland.de\/wp-content\/uploads\/2022\/07\/podcast-g1e09efa8e_1280-1024x1024.png\" alt=\"\" class=\"wp-image-10182\" width=\"145\" height=\"145\" srcset=\"https:\/\/www.vonameland.de\/wp-content\/uploads\/2022\/07\/podcast-g1e09efa8e_1280-1024x1024.png 1024w, https:\/\/www.vonameland.de\/wp-content\/uploads\/2022\/07\/podcast-g1e09efa8e_1280-300x300.png 300w, https:\/\/www.vonameland.de\/wp-content\/uploads\/2022\/07\/podcast-g1e09efa8e_1280-150x150.png 150w, https:\/\/www.vonameland.de\/wp-content\/uploads\/2022\/07\/podcast-g1e09efa8e_1280-768x768.png 768w, https:\/\/www.vonameland.de\/wp-content\/uploads\/2022\/07\/podcast-g1e09efa8e_1280-570x570.png 570w, https:\/\/www.vonameland.de\/wp-content\/uploads\/2022\/07\/podcast-g1e09efa8e_1280-510x510.png 510w, https:\/\/www.vonameland.de\/wp-content\/uploads\/2022\/07\/podcast-g1e09efa8e_1280.png 1200w\" sizes=\"auto, (max-width: 145px) 100vw, 145px\" \/><\/figure>\n<\/div>\n\n\n<p><\/p>\n\n\n\n<p>Mit dem unten stehendem Formular habt ihr die M\u00f6glichkeit den Teilnehmenden einen Gru\u00df zu schicken. Die Gr\u00fc\u00dfe werden von uns jeden Tag im Programm von Radio Ameland vorgelesen. Lautsprecher sind an verschiedenen Stellen in der Unterkunft, vor der Unterkunft und auch auf der Wiese aufgestellt. So ist Radio Ameland f\u00fcr jeden w\u00e4hrend der Sendezeit zu h\u00f6ren und alle Kinder bekommen die Gr\u00fc\u00dfe auch mit.<\/p>\n\n\n\n<p>Hier senden Sie Ihre Gr\u00fc\u00dfe: <\/p>\n\n\n\n<p><\/p>\n\n\n\n<p><\/p>\n\n\n\n<div class=\"wp-block-contact-form-7-contact-form-selector\">\n<div class=\"wpcf7 no-js\" id=\"wpcf7-f9627-o1\" lang=\"de-DE\" dir=\"ltr\" data-wpcf7-id=\"9627\">\n<div class=\"screen-reader-response\"><p role=\"status\" aria-live=\"polite\" aria-atomic=\"true\"><\/p> <ul><\/ul><\/div>\n<form action=\"\/index.php\/wp-json\/wp\/v2\/pages\/9642#wpcf7-f9627-o1\" method=\"post\" class=\"wpcf7-form init\" aria-label=\"Kontaktformular\" novalidate=\"novalidate\" data-status=\"init\">\n<fieldset class=\"hidden-fields-container\"><input type=\"hidden\" name=\"_wpcf7\" value=\"9627\" \/><input type=\"hidden\" name=\"_wpcf7_version\" value=\"6.1.5\" \/><input type=\"hidden\" name=\"_wpcf7_locale\" value=\"de_DE\" \/><input type=\"hidden\" name=\"_wpcf7_unit_tag\" value=\"wpcf7-f9627-o1\" \/><input type=\"hidden\" name=\"_wpcf7_container_post\" value=\"0\" \/><input type=\"hidden\" name=\"_wpcf7_posted_data_hash\" value=\"\" \/>\n<\/fieldset>\n<p>Ihr Name (Pflichtfeld)\n<\/p>\n<p><span class=\"wpcf7-form-control-wrap\" data-name=\"your-name\"><input size=\"40\" maxlength=\"400\" class=\"wpcf7-form-control wpcf7-text wpcf7-validates-as-required\" aria-required=\"true\" aria-invalid=\"false\" value=\"\" type=\"text\" name=\"your-name\" \/><\/span>\n<\/p>\n<p>Teilnehmer\n<\/p>\n<p><span class=\"wpcf7-form-control-wrap\" data-name=\"your-subject\"><input size=\"40\" maxlength=\"400\" class=\"wpcf7-form-control wpcf7-text\" aria-invalid=\"false\" value=\"\" type=\"text\" name=\"your-subject\" \/><\/span>\n<\/p>\n<p>Ihre Nachricht\n<\/p>\n<p><span class=\"wpcf7-form-control-wrap\" data-name=\"your-message\"><textarea cols=\"40\" rows=\"10\" maxlength=\"2000\" class=\"wpcf7-form-control wpcf7-textarea\" aria-invalid=\"false\" name=\"your-message\"><\/textarea><\/span>\n<\/p>\n<p><input class=\"wpcf7-form-control wpcf7-submit has-spinner\" type=\"submit\" value=\"Senden\" \/>\n<\/p><div class=\"wpcf7-response-output\" aria-hidden=\"true\"><\/div>\n<\/form>\n<\/div>\n<\/div>\n\n\n\n<p>Radio Ameland ging zur Ferienfreizeit 2012 das erste Mal auf Sendung. Seither ist es eine fester Bestandteil der Ferienfreizeit Ameland. Beliebt bei Eltern, Gro\u00dfeltern, Verwandten und Freunden von Teilnehmenden und Leitern. Ein Radio Gru\u00df\u00a0ist schnell geschrieben. Vormittags abgeschickt kommen die Gr\u00fc\u00dfe meist am selben Tag an. Jedes Jahr werden ca. 200 Gr\u00fc\u00dfe im Radio Ameland vorgelesen und erfreuen sich bei den Teilnehmenden einer gro\u00dfen Beliebtheit.\u00a0Wenn der Jingle von Radio Ameland zu h\u00f6ren ist, spitzen alle die Ohren und freuen sich auf einen Gru\u00df aus der Heimat.<\/p>\n","protected":false},"excerpt":{"rendered":"<p>Mit dem unten stehendem Formular habt ihr die M\u00f6glichkeit den Teilnehmenden einen Gru\u00df zu schicken. Die Gr\u00fc\u00dfe werden von uns jeden Tag im Programm von Radio Ameland vorgelesen. Lautsprecher sind an verschiedenen Stellen in der Unterkunft, vor der Unterkunft und auch auf der Wiese aufgestellt. So ist Radio Ameland f\u00fcr jeden w\u00e4hrend der Sendezeit zu [&hellip;]<\/p>\n","protected":false},"author":1,"featured_media":0,"parent":0,"menu_order":0,"comment_status":"closed","ping_status":"closed","template":"","meta":{"ngg_post_thumbnail":0,"footnotes":""},"class_list":["post-9642","page","type-page","status-publish","czr-hentry"],"_links":{"self":[{"href":"https:\/\/www.vonameland.de\/index.php\/wp-json\/wp\/v2\/pages\/9642","targetHints":{"allow":["GET"]}}],"collection":[{"href":"https:\/\/www.vonameland.de\/index.php\/wp-json\/wp\/v2\/pages"}],"about":[{"href":"https:\/\/www.vonameland.de\/index.php\/wp-json\/wp\/v2\/types\/page"}],"author":[{"embeddable":true,"href":"https:\/\/www.vonameland.de\/index.php\/wp-json\/wp\/v2\/users\/1"}],"replies":[{"embeddable":true,"href":"https:\/\/www.vonameland.de\/index.php\/wp-json\/wp\/v2\/comments?post=9642"}],"version-history":[{"count":6,"href":"https:\/\/www.vonameland.de\/index.php\/wp-json\/wp\/v2\/pages\/9642\/revisions"}],"predecessor-version":[{"id":10762,"href":"https:\/\/www.vonameland.de\/index.php\/wp-json\/wp\/v2\/pages\/9642\/revisions\/10762"}],"wp:attachment":[{"href":"https:\/\/www.vonameland.de\/index.php\/wp-json\/wp\/v2\/media?parent=9642"}],"curies":[{"name":"wp","href":"https:\/\/api.w.org\/{rel}","templated":true}]}}

Radio Ameland &#8211; Radiogrüße

<div class="wp-block-image">
<figure class="alignleft size-large is-resized"><img loading="lazy" decoding="async" src="https://www.vonameland.de/wp-content/uploads/2022/07/podcast-g1e09efa8e_1280-1024x1024.png" alt="" class="wp-image-10182" width="145" height="145" srcset="https://www.vonameland.de/wp-content/uploads/2022/07/podcast-g1e09efa8e_1280-1024x1024.png 1024w, https://www.vonameland.de/wp-content/uploads/2022/07/podcast-g1e09efa8e_1280-300x300.png 300w, https://www.vonameland.de/wp-content/uploads/2022/07/podcast-g1e09efa8e_1280-150x150.png 150w, https://www.vonameland.de/wp-content/uploads/2022/07/podcast-g1e09efa8e_1280-768x768.png 768w, https://www.vonameland.de/wp-content/uploads/2022/07/podcast-g1e09efa8e_1280-570x570.png 570w, https://www.vonameland.de/wp-content/uploads/2022/07/podcast-g1e09efa8e_1280-510x510.png 510w, https://www.vonameland.de/wp-content/uploads/2022/07/podcast-g1e09efa8e_1280.png 1200w" sizes="auto, (max-width: 145px) 100vw, 145px" /></figure>
</div>


<p></p>



<p>Mit dem unten stehendem Formular habt ihr die Möglichkeit den Teilnehmenden einen Gruß zu schicken. Die Grüße werden von uns jeden Tag im Programm von Radio Ameland vorgelesen. Lautsprecher sind an verschiedenen Stellen in der Unterkunft, vor der Unterkunft und auch auf der Wiese aufgestellt. So ist Radio Ameland für jeden während der Sendezeit zu hören und alle Kinder bekommen die Grüße auch mit.</p>



<p>Hier senden Sie Ihre Grüße: </p>



<p></p>



<p></p>



<div class="wp-block-contact-form-7-contact-form-selector">
<div class="wpcf7 no-js" id="wpcf7-f9627-o1" lang="de-DE" dir="ltr" data-wpcf7-id="9627">
<div class="screen-reader-response"><p role="status" aria-live="polite" aria-atomic="true"></p> <ul></ul></div>
<form action="/index.php/wp-json/wp/v2/pages/9642#wpcf7-f9627-o1" method="post" class="wpcf7-form init" aria-label="Kontaktformular" novalidate="novalidate" data-status="init">
<fieldset class="hidden-fields-container"><input type="hidden" name="_wpcf7" value="9627" /><input type="hidden" name="_wpcf7_version" value="6.1.5" /><input type="hidden" name="_wpcf7_locale" value="de_DE" /><input type="hidden" name="_wpcf7_unit_tag" value="wpcf7-f9627-o1" /><input type="hidden" name="_wpcf7_container_post" value="0" /><input type="hidden" name="_wpcf7_posted_data_hash" value="" />
</fieldset>
<p>Ihr Name (Pflichtfeld)
</p>
<p><span class="wpcf7-form-control-wrap" data-name="your-name"><input size="40" maxlength="400" class="wpcf7-form-control wpcf7-text wpcf7-validates-as-required" aria-required="true" aria-invalid="false" value="" type="text" name="your-name" /></span>
</p>
<p>Teilnehmer
</p>
<p><span class="wpcf7-form-control-wrap" data-name="your-subject"><input size="40" maxlength="400" class="wpcf7-form-control wpcf7-text" aria-invalid="false" value="" type="text" name="your-subject" /></span>
</p>
<p>Ihre Nachricht
</p>
<p><span class="wpcf7-form-control-wrap" data-name="your-message"><textarea cols="40" rows="10" maxlength="2000" class="wpcf7-form-control wpcf7-textarea" aria-invalid="false" name="your-message"></textarea></span>
</p>
<p><input class="wpcf7-form-control wpcf7-submit has-spinner" type="submit" value="Senden" />
</p><div class="wpcf7-response-output" aria-hidden="true"></div>
</form>
</div>
</div>



<p>Radio Ameland ging zur Ferienfreizeit 2012 das erste Mal auf Sendung. Seither ist es eine fester Bestandteil der Ferienfreizeit Ameland. Beliebt bei Eltern, Großeltern, Verwandten und Freunden von Teilnehmenden und Leitern. Ein Radio Gruß ist schnell geschrieben. Vormittags abgeschickt kommen die Grüße meist am selben Tag an. Jedes Jahr werden ca. 200 Grüße im Radio Ameland vorgelesen und erfreuen sich bei den Teilnehmenden einer großen Beliebtheit. Wenn der Jingle von Radio Ameland zu hören ist, spitzen alle die Ohren und freuen sich auf einen Gruß aus der Heimat.</p>

<p>Mit dem unten stehendem Formular habt ihr die Möglichkeit den Teilnehmenden einen Gruß zu schicken. Die Grüße werden von uns jeden Tag im Programm von Radio Ameland vorgelesen. Lautsprecher sind an verschiedenen Stellen in der Unterkunft, vor der Unterkunft und auch auf der Wiese aufgestellt. So ist Radio Ameland für jeden während der Sendezeit zu [&hellip;]</p>
